{"id":664,"date":"2018-01-15T13:50:22","date_gmt":"2018-01-15T12:50:22","guid":{"rendered":"http:\/\/www.pob80.de\/?page_id=664"},"modified":"2018-02-27T14:04:04","modified_gmt":"2018-02-27T13:04:04","slug":"vorstand","status":"publish","type":"page","link":"https:\/\/www.pob80.de\/?page_id=664","title":{"rendered":"Vorstand"},"content":{"rendered":"<p>1. Vorsitzender: Timo Stenzel (seit 2018)<\/p>\n<p>Gesch\u00e4ftsf\u00fchrer : Micha Bonn (seit 2018)<\/p>\n<p>Kassenwart: Bastian Tempel (seit 2018)<\/p>\n<p>Sportwart: Jan Euenheim (seit 2016)<\/p>\n<p>&nbsp;<\/p>\n<h2>Vorstand-Historie:<\/h2>\n<h5>Vorstand vom\u00a0 03.01.2011<\/h5>\n<p>1. Vorsitzender : Andreas Bolles<\/p>\n<p>2. Vorsitzender:\u00a0 Mischa Strau\u00df<\/p>\n<p>Gesch\u00e4ftsf\u00fchrer:\u00a0 Thomas Roeder<\/p>\n<p>Kassenwart:\u00a0 Bernd Kirfel<\/p>\n<p>Sportwart:\u00a0 Maik Moos<\/p>\n<h5><strong>Vorstand vom 15.01.2007<\/strong><\/h5>\n<p>1. Vorsitzender : Andreas Bolles<\/p>\n<p>2. Vorsitzender:\u00a0 Mischa Strau\u00df<\/p>\n<p>Gesch\u00e4ftsf\u00fchrer:\u00a0 Thomas Roeder<\/p>\n<p>2. Gesch\u00e4ftsf\u00fchrer: Sascha Reuter<\/p>\n<p>Sportwart:\u00a0 Udo Gehrlein<\/p>\n<p>Kassenwart:\u00a0 Bernd Ewertz<\/p>\n<h5>Vorstand vom 17.01.2005<\/h5>\n<p>1. Vorsitzender : Hermann Sirch<\/p>\n<p>2. Vorsitzender:\u00a0 Mischa Strau\u00df<\/p>\n<p>Gesch\u00e4ftsf\u00fchrer:\u00a0 Ulli Neudeck<\/p>\n<p>Sportwart:\u00a0 Andreas Bolles<\/p>\n<p>Kassenwart:\u00a0 Berhard Reichmann<\/p>\n","protected":false},"excerpt":{"rendered":"<p>1. Vorsitzender: Timo Stenzel (seit 2018) Gesch\u00e4ftsf\u00fchrer : Micha Bonn (seit 2018) Kassenwart: Bastian Tempel (seit 2018) Sportwart: Jan Euenheim (seit 2016) &nbsp; Vorstand-Historie: Vorstand vom\u00a0 03.01.2011 1. Vorsitzender : Andreas Bolles 2. Vorsitzender:\u00a0 Mischa Strau\u00df Gesch\u00e4ftsf\u00fchrer:\u00a0 Thomas Roeder Kassenwart:\u00a0 Bernd Kirfel Sportwart:\u00a0 Maik Moos Vorstand vom 15.01.2007 1. Vorsitzender : Andreas Bolles 2. Vorsitzender:\u00a0 &hellip; <a href=\"https:\/\/www.pob80.de\/?page_id=664\" class=\"more-link\"><span class=\"screen-reader-text\">Vorstand<\/span> weiterlesen <span class=\"meta-nav\">&rarr;<\/span><\/a><\/p>\n","protected":false},"author":2,"featured_media":0,"parent":0,"menu_order":0,"comment_status":"closed","ping_status":"closed","template":"","meta":[],"_links":{"self":[{"href":"https:\/\/www.pob80.de\/index.php?rest_route=\/wp\/v2\/pages\/664"}],"collection":[{"href":"https:\/\/www.pob80.de\/index.php?rest_route=\/wp\/v2\/pages"}],"about":[{"href":"https:\/\/www.pob80.de\/index.php?rest_route=\/wp\/v2\/types\/page"}],"author":[{"embeddable":true,"href":"https:\/\/www.pob80.de\/index.php?rest_route=\/wp\/v2\/users\/2"}],"replies":[{"embeddable":true,"href":"https:\/\/www.pob80.de\/index.php?rest_route=%2Fwp%2Fv2%2Fcomments&post=664"}],"version-history":[{"count":7,"href":"https:\/\/www.pob80.de\/index.php?rest_route=\/wp\/v2\/pages\/664\/revisions"}],"predecessor-version":[{"id":1031,"href":"https:\/\/www.pob80.de\/index.php?rest_route=\/wp\/v2\/pages\/664\/revisions\/1031"}],"wp:attachment":[{"href":"https:\/\/www.pob80.de\/index.php?rest_route=%2Fwp%2Fv2%2Fmedia&parent=664"}],"curies":[{"name":"wp","href":"https:\/\/api.w.org\/{rel}","templated":true}]}}