{"id":629,"date":"2018-01-13T15:06:40","date_gmt":"2018-01-13T14:06:40","guid":{"rendered":"http:\/\/www.pob80.de\/?page_id=629"},"modified":"2018-12-04T13:27:10","modified_gmt":"2018-12-04T12:27:10","slug":"tabelle-2018","status":"publish","type":"page","link":"https:\/\/www.pob80.de\/?page_id=629","title":{"rendered":"Tabelle 2018"},"content":{"rendered":"<h3 style=\"text-align: center;\">22. Spieltag<\/h3>\n<p style=\"text-align: center;\">Durch den R\u00fcckzug der SG Bonn 07 hat sich die Tabelle etwas ver\u00e4ndert. Alle Spiele der SG Bonn 07 wurden aus der Wertung gestrichen.<\/p>\n<p style=\"text-align: center;\">Gl\u00fcckwunsch an Ennert K\u00fcdinghoven II und Deutscher Grillverein zum Aufstieg in das Kleinfeld 1<\/p>\n<h3 style=\"text-align: center;\"><img loading=\"lazy\" class=\"size-full wp-image-1530 aligncenter\" src=\"https:\/\/www.pob80.de\/wp-content\/uploads\/23.Spieltag-1.jpg\" alt=\"\" width=\"554\" height=\"326\" srcset=\"https:\/\/www.pob80.de\/wp-content\/uploads\/23.Spieltag-1.jpg 554w, https:\/\/www.pob80.de\/wp-content\/uploads\/23.Spieltag-1-300x177.jpg 300w\" sizes=\"(max-width: 554px) 100vw, 554px\" \/><\/h3>\n<h3 style=\"text-align: center;\"><img loading=\"lazy\" class=\"size-large wp-image-1511 aligncenter\" src=\"https:\/\/www.pob80.de\/wp-content\/uploads\/22.-Spieltag-1.jpg\" alt=\"\" width=\"469\" height=\"253\" srcset=\"https:\/\/www.pob80.de\/wp-content\/uploads\/22.-Spieltag-1.jpg 469w, https:\/\/www.pob80.de\/wp-content\/uploads\/22.-Spieltag-1-300x162.jpg 300w\" sizes=\"(max-width: 469px) 100vw, 469px\" \/><\/h3>\n<p>&nbsp;<\/p>\n<p>&nbsp;<\/p>\n<p>&nbsp;<\/p>\n<p>&nbsp;<\/p>\n","protected":false},"excerpt":{"rendered":"<p>22. Spieltag Durch den R\u00fcckzug der SG Bonn 07 hat sich die Tabelle etwas ver\u00e4ndert. Alle Spiele der SG Bonn 07 wurden aus der Wertung gestrichen. Gl\u00fcckwunsch an Ennert K\u00fcdinghoven II und Deutscher Grillverein zum Aufstieg in das Kleinfeld 1 &nbsp; &nbsp; &nbsp; &nbsp;<\/p>\n","protected":false},"author":2,"featured_media":0,"parent":0,"menu_order":0,"comment_status":"closed","ping_status":"closed","template":"","meta":[],"_links":{"self":[{"href":"https:\/\/www.pob80.de\/index.php?rest_route=\/wp\/v2\/pages\/629"}],"collection":[{"href":"https:\/\/www.pob80.de\/index.php?rest_route=\/wp\/v2\/pages"}],"about":[{"href":"https:\/\/www.pob80.de\/index.php?rest_route=\/wp\/v2\/types\/page"}],"author":[{"embeddable":true,"href":"https:\/\/www.pob80.de\/index.php?rest_route=\/wp\/v2\/users\/2"}],"replies":[{"embeddable":true,"href":"https:\/\/www.pob80.de\/index.php?rest_route=%2Fwp%2Fv2%2Fcomments&post=629"}],"version-history":[{"count":38,"href":"https:\/\/www.pob80.de\/index.php?rest_route=\/wp\/v2\/pages\/629\/revisions"}],"predecessor-version":[{"id":1537,"href":"https:\/\/www.pob80.de\/index.php?rest_route=\/wp\/v2\/pages\/629\/revisions\/1537"}],"wp:attachment":[{"href":"https:\/\/www.pob80.de\/index.php?rest_route=%2Fwp%2Fv2%2Fmedia&parent=629"}],"curies":[{"name":"wp","href":"https:\/\/api.w.org\/{rel}","templated":true}]}}