{"id":1207,"date":"2018-03-15T16:01:33","date_gmt":"2018-03-15T15:01:33","guid":{"rendered":"http:\/\/www.pob80.de\/?page_id=1207"},"modified":"2018-04-09T12:02:32","modified_gmt":"2018-04-09T10:02:32","slug":"mannschaftstour-2018","status":"publish","type":"page","link":"https:\/\/www.pob80.de\/?page_id=1207","title":{"rendered":"Mannschaftstour 2018"},"content":{"rendered":"<p>Alle Jahre wieder geht es f\u00fcr die PoB 80 auf Mannschaftstour.\u00a0 Auch in diesem Jahr (Freitag 23.03.2018)\u00a0, wie es die Gewohnheit so will, zu einem Spiel der deutschen Nationalelf.<br \/>\nAustragungsort diesmal die l\u00e4ngste Theke der Welt (D\u00fcsseldorf) und der Gegner die Salsatanzende Elf aus Spanien.<br \/>\nWie es sich f\u00fcr einen Spieltag geh\u00f6rt, traf man sich h\u00f6chstmotiviert, p\u00fcnktlich um 11 Uhr zum Fassanstich in einer einschl\u00e4gigen Bonner Kneipe. B\u00f6se Zungen behaupten, Dirk bereits um 09 Uhr mit einem Sixpack Bier unter dem Arm am Bonner Bahnhof gesehen zu haben, was zumindest seinen endg\u00fcltigen Ekstasezustand um 04 Uhr morgens erkl\u00e4ren w\u00fcrde.<br \/>\nBei diversen Hopfenkaltschalen schwelgte man in Erinnerungen des vergangenen Turniersiegs beim \u201e9. Cup der Fans\u201c in N\u00fcrnberg, bevor es gegen 15 Uhr mit dem Reisebus nach D\u00fcsseldorf ging.<br \/>\nAlles zuvor nicht Ausdiskutierte, konnte w\u00e4hrend der Fahrt bei noch mehr fl\u00fcssigem Gold gekl\u00e4rt werden, ehe man am Stadion in D\u00fcsseldorf eintraf.<br \/>\nEin kurzer Abstecher an die l\u00e4ngste Theke der Welt noch vor Spielbeginn lies erahnen, wie der heutige Abend enden w\u00fcrde.<br \/>\nP\u00fcnktlich zum Spiel zur\u00fcck im Stadion, bestaunte man ein fr\u00fches Gegentor f\u00fcr Deutschland, aber ein noch viel sch\u00f6neres Ausgleichtor f\u00fcr die deutsche Nationalelf.<br \/>\nKurz vor Abpfiff dann ein weiteres Highlight, aber diesmal auf den R\u00e4ngen. Sah Jan doch pl\u00f6tzlich zwei Spielb\u00e4lle auf dem Feld, die eigentlich nur einer waren.<br \/>\nDer Abpfiff des Spiels beim Stand von 1:1 war gleichzeitig der Anpfiff zum erneuten gem\u00fctlichen Besuch der l\u00e4ngsten Theke der Welt.<br \/>\nVor Abfahrt mit dem Bus ein kurzer Schockmoment. War der \u201eHeld des Tages aus N\u00fcrnberg\u201c doch spurlos verschwunden. Mutma\u00dfungen von \u201eDer gibt sicher noch ein Interview im Sportstudio bei Oli Kahn\u201c und \u201eder zieht sich in der Kabine der Nationalelf noch was frisches an\u201c blieben unerf\u00fcllt, hatte er sich doch einfach nur kurzzeitig verlaufen.<\/p>\n<p>Bei weiteren Kaltgetr\u00e4nken lie\u00df die PoB 80 den gelungenen Tag in der Altstadt D\u00fcsseldorfs ausklingen, ehe man gegen 04 Uhr die Heimreise antrat.<\/p>\n<p>&nbsp;<\/p>\n","protected":false},"excerpt":{"rendered":"<p>Alle Jahre wieder geht es f\u00fcr die PoB 80 auf Mannschaftstour.\u00a0 Auch in diesem Jahr (Freitag 23.03.2018)\u00a0, wie es die Gewohnheit so will, zu einem Spiel der deutschen Nationalelf. Austragungsort diesmal die l\u00e4ngste Theke der Welt (D\u00fcsseldorf) und der Gegner die Salsatanzende Elf aus Spanien. Wie es sich f\u00fcr einen Spieltag geh\u00f6rt, traf man sich &hellip; <a href=\"https:\/\/www.pob80.de\/?page_id=1207\" class=\"more-link\"><span class=\"screen-reader-text\">Mannschaftstour 2018<\/span> weiterlesen <span class=\"meta-nav\">&rarr;<\/span><\/a><\/p>\n","protected":false},"author":2,"featured_media":0,"parent":0,"menu_order":0,"comment_status":"closed","ping_status":"closed","template":"","meta":[],"_links":{"self":[{"href":"https:\/\/www.pob80.de\/index.php?rest_route=\/wp\/v2\/pages\/1207"}],"collection":[{"href":"https:\/\/www.pob80.de\/index.php?rest_route=\/wp\/v2\/pages"}],"about":[{"href":"https:\/\/www.pob80.de\/index.php?rest_route=\/wp\/v2\/types\/page"}],"author":[{"embeddable":true,"href":"https:\/\/www.pob80.de\/index.php?rest_route=\/wp\/v2\/users\/2"}],"replies":[{"embeddable":true,"href":"https:\/\/www.pob80.de\/index.php?rest_route=%2Fwp%2Fv2%2Fcomments&post=1207"}],"version-history":[{"count":7,"href":"https:\/\/www.pob80.de\/index.php?rest_route=\/wp\/v2\/pages\/1207\/revisions"}],"predecessor-version":[{"id":1287,"href":"https:\/\/www.pob80.de\/index.php?rest_route=\/wp\/v2\/pages\/1207\/revisions\/1287"}],"wp:attachment":[{"href":"https:\/\/www.pob80.de\/index.php?rest_route=%2Fwp%2Fv2%2Fmedia&parent=1207"}],"curies":[{"name":"wp","href":"https:\/\/api.w.org\/{rel}","templated":true}]}}